 is the remainder when d(-7) is divided by a?
17
Let l(y) = -y**2 + 8*y - 9. What is the remainder when 6 is divided by l(6)?
0
Suppose 715 = 5*j - q, -q = 3*j - 4*q - 441. Suppose 5*f - 2*v = -v + 176, 4*f - 2*v - j = 0. Calculate the remainder when f is divided by 12.
11
Let i be (1/1)/(-1)*-4. Suppose i*p + 2 = -2. What is the remainder when (p/(-1) + 18)*1 is divided by 10?
9
Let d(p) = -4*p - 2. What is the remainder when d(-2) is divided by 4?
2
Suppose 67 = 3*y + 9*d - 7*d, 0 = 3*y + 5*d - 55. Calculate the remainder when 170 is divided by y.
20
Let w(h) be the second derivative of h**4/6 + 5*h**3/3 + 9*h**2/2 + 4*h. What is the remainder when w(-7) is divided by 10?
7
Calculate the remainder when (-1 - -79) + 2 + 3/(-3) is divided by 20.
19
Let t(h) = -5*h + 1. Suppose o - 4*o - 5*d - 3 = 0, -4*d - 5 = 5*o. What is the remainder when t(o) is divided by 4?
2
Let u(n) = -n - 2. Let f be u(-3). What is the remainder when f*5*128/40 is divided by 6 - 1/(-2)*0?
4
Let i = 41 + 61. Suppose 4*n - 2*n - i = 0. What is the remainder when n is divided by 27?
24
Calculate the remainder when 72 is divided by -38*(1 + -5)/4.
34
Let p = 1 + -11. Let o(r) = 15*r. Let n be o(-1). Let l = p - n. What is the remainder when l is divided by 2?
1
Let z(u) = -u**3 - 5*u**2 - 3*u - 5. Suppose 4*x = -x - 25. What is the remainder when 141/5 - (-2)/(-10) is divided by z(x)?
8
Let y be 2/(-7) - (-4624)/14. Suppose 4*r - y = -82. What is the remainder when r is divided by 16?
14
Let c(k) = -k**3 - 9*k**2 + k + 12. Let s be c(-9). What is the remainder when (-1)/s - 960/(-18) is divided by 18?
17
Let n(i) = 64*i**2 - 5*i + 3. Calculate the remainder when n(1) is divided by 18.
8
What is the remainder when 66 is divided by (2/4)/1*46?
20
Suppose b - 5 + 2 = 0. Suppose -b*c = -33 + 3. Calculate the remainder when c is divided by 4.
2
Suppose -3*s + 15 = 2*s. Suppose 2*n = -s*n + 55. What is the remainder when 32 is divided by n?
10
Let k(m) = m**2 - 7*m - 10. What is the remainder when 101 is divided by k(11)?
33
Suppose g - 92 = 4*t, 3*g + 163 = 5*g - t. Suppose -o + g - 22 = 0. Suppose 0 = 3*x - x - o. Calculate the remainder when x is divided by 10.
9
Let h be (-1*(0 + 11))/(-1). What is the remainder when 7 is divided by 7/(-14) + h/2?
2
Let k(r) = r**3 + 6*r**2 + r - 3. Let a = -6 + 8. Suppose -j + 2 = 2*w, 4 = a*j - w - 10. What is the remainder when k(-5) is divided by j?
5
Suppose -n + 59 + 12 = 0. What is the remainder when n is divided by 19?
14
Suppose -13*g - 27 = -16*g. Let w(t) = 36*t**3 - 1. What is the remainder when w(1) is divided by g?
8
Let t be -2 - -2 - (-1 - 2). Suppose -3 = -2*s + t. What is the remainder when 7 is divided by s?
1
Let b(l) = -l**3 + 6*l**2 + 3*l - 9. Suppose -2*d + 21 = y + 2*y, -5*y + 9 = -d. Calculate the remainder when b(d) is divided by 6.
3
Suppose 0 = 2*p - 0*x - x + 19, 3*x = -5*p - 42. Let b = p - -9. Suppose 5*c - 30 - 60 = b. Calculate the remainder when 70 is divided by c.
16
Let y(o) = o**3 + 5*o**2 - 5*o + 6. Let z be y(-6). Suppose z*u + 70 = 5*u. Let i(w) = -6*w - 1. What is the remainder when i(-7) is divided by u?
13
Let b be (24 - 4) + 1/1. Suppose p = 5, 3*p - b = -3*u + 3. What is the remainder when u is divided by 1?
0
Let w(k) = 4*k + 21*k - 7*k - 8*k - 1. Let q(d) = d + 6. Let m be q(-5). Calculate the remainder when 26 is divided by w(m).
8
Let r = 21 + -15. What is the remainder when 2*11/r*3 is divided by 6?
5
Suppose 2*w - 24 = -4*g, -3*w + g + 31 = 2. Suppose -2*h + 2 = -12. Calculate the remainder when ((-1)/(-1))/(w/110) is divided by h.
4
Let r(f) = -19*f**3. Suppose -9 = 2*h - 83. What is the remainder when h is divided by r(-1)?
18
Let j(c) = -c**3 - 6*c**2 - 6*c - 6. Let p = 9 - 15. Let h be j(p). Let r = -20 + h. Calculate the remainder when 18 is divided by r.
8
Suppose 3*r - 5 + 2 = 0. What is the remainder when 28 is divided by (0 + r)/(1/15)?
13
Let m = -6 + 8. Suppose m*b - b = 137. Suppose -b = -5*t - 7. What is the remainder when t is divided by 9?
8
Let t be (-4)/(0 + -2 - -1). Suppose 0 = -2*i - t*w + 20, -2*i - 5*w + 8 + 11 = 0. Calculate the remainder when i is divided by 7.
5
Let p be 7*(-1)/3*-9. Let w = p + -8. Suppose -m - 11 = -3*z - 38, -m = -2*z - 26. Calculate the remainder when m is divided by w.
11
Calculate the remainder when 11 is divided by -5*2/(-5) - -5.
4
What is the remainder when 89 is divided by (-819)/(-35) - 6/15?
20
What is the remainder when 15 is divided by (-18)/45 + (-84)/(-10)?
7
Suppose 16 + 4 = 5*s. Suppose -s*f + 105 = f. What is the remainder when 62 is divided by f?
20
Suppose 0*w - 30 = -w. Suppose 4*o + 4*n - 72 = 0, 4*o + 2*n - 36 = w. What is the remainder when (3 - 6)/((-3)/o) is divided by 8?
7
Let c(m) = -m**2 + 12*m - 1. Calculate the remainder when 139 is divided by c(6).
34
Let t = -33 - -59. Calculate the remainder when 103 is divided by t.
25
Let r = 2 + 13. Let v = -4 + r. Calculate the remainder when 30 is divided by v.
8
Let a(n) = n**2 + 21*n - 60. Calculate the remainder when a(-28) is divided by 46.
44
Suppose -l + 11 = 2. Let y(g) = -14*g**3 - 2*g - 1. Let m be y(-1). Let f = m - 9. What is the remainder when l is divided by f?
3
Let p(z) = 5*z - 1. Let k be p(1). Calculate the remainder when 118/8 - k/(-16) is divided by 8.
7
Let c = 39 + -27. Calculate the remainder when 58 is divided by c.
10
Let l = 37 - 7. Calculate the remainder when l is divided by 11.
8
Let o = 26 + -13. Let t = 39 + -14. What is the remainder when t is divided by o?
12
Let r(h) = -9*h**3 - 6*h**2 - 5*h + 3. Let l(o) = 5*o**3 + 3*o**2 + 3*o - 1. Let k(g) = 7*l(g) + 4*r(g). Calculate the remainder when k(-5) is divided by 26.
24
Let x(n) = -n**2 - 6*n + 23. Suppose -186 = -4*m - 10. What is the remainder when m is divided by x(0)?
21
Suppose 3*g + 0*g - 12 = 0. What is the remainder when g is divided by 1?
0
Suppose 0 = -2*k + 4*c + 28, 0 = 5*k + c - 14 - 12. Let s be (k/(-4))/(2/(-20)). Calculate the remainder when 47 is divided by s - (0 - -1) - -2.
15
Let d be (-2)/(-6) + 74/(-6). Let b(i) = i**3 + 6*i**2 - 9*i + 2. What is the remainder when 2/8 - 357/d is divided by b(-7)?
14
Let r = -9 + 13. Suppose -3*w - 36 = -4*p, -w - 2 - 20 = -3*p. What is the remainder when r is divided by (-4)/(-3)*p/4?
0
Suppose -3*l - 3 = 0, 5*w - 23 - 98 = l. Let m be 9/w*-2*-4. What is the remainder when ((-35)/(-3) - 1)*m is divided by 11?
10
Suppose 0*o + 60 = 2*o. Suppose -5*p = j - o, -2*p = -6*p + j + 33. Let w(g) = g**2 - 6*g + 3. Calculate the remainder when 18 is divided by w(p).
8
Let c = 108 + -102. Let r(b) = -b - 2. Calculate the remainder when c is divided by r(-5).
0
Let a(d) be the first derivative of -d**4/4 - d**3 + d**2 - 1. What is the remainder when 22 is divided by a(-4)?
6
Suppose -o - 2 = -2*o. Suppose 6*a - o*a = 16. Calculate the remainder when a is divided by 2.
0
Suppose -6*d + 12 = -3*d. Suppose 0 = -3*r + 5*z + 39, -d*z + 4 = 2*r - 0*r. Calculate the remainder when 22 is divided by r.
6
Suppose 3*z + 4*h + 255 = -0*h, -2*h + 318 = -4*z. Let r = z + 123. Let l = 76 - r. What is the remainder when l is divided by 12?
10
Suppose 2*h - 4*d + 4 = 2, -h + 9 = 3*d. Suppose -36 = -h*f + f. What is the remainder when 69 is divided by f?
15
Suppose -3*j - 40 = j. Calculate the remainder when (36/(-15))/(j/225) is divided by 14.
12
Let b = 143 - 94. What is the remainder when b is divided by 12?
1
Let y(r) = r**2 - 2*r + 4. Suppose -3*l + 31 = 1. What is the remainder when y(5) is divided by l?
9
Suppose y + 8 = -3*y. What is the remainder when (50 - y)/(-4 + 6) is divided by 14?
12
Calculate the remainder when 15 is divided by 6 + -2 + (3 - -1).
7
Suppose -4*o = 11 - 167. Calculate the remainder when 116 is divided by o.
38
Let m(b) = 48*b**2 - 8*b + 16. Calculate the remainder when m(2) is divided by 49.
45
Suppose -2*c + 3*c = 148. Calculate the remainder when c is divided by 25.
23
Suppose 3*u + 2 = n, -5*u + 3 = -n + 5. Suppose -4*m + 96 + u = 0. Calculate the remainder when 70 is divided by m.
22
Let z(v) = 0*v + 4*v + 0 + 1. Let s(p) = p**2 - 6*p + 9. Calculate the remainder when s(8) is divided by z(2).
7
Suppose -3*a + 2 = -m, 3*a - 9 = -3*m - 51. Let y = 6 - m. What is the remainder when y is divided by 5?
2
Let f = -11 - -36. Suppose -5*s -